it of 81935309?
9
What is the ten millions digit of 1140858160?
4
What is the hundreds digit of 640042582?
5
What is the ten millions digit of 55372129?
5
What is the hundred millions digit of 1757210799?
7
What is the tens digit of 796116695?
9
What is the hundreds digit of 2289214247?
2
What is the ten millions digit of 93300964?
9
What is the thousands digit of 89499094?
9
What is the hundred thousands digit of 21407631?
4
What is the hundred thousands digit of 73693918?
6
What is the tens digit of 32742299?
9
What is the thousands digit of 251025835?
5
What is the hundreds digit of 34847031?
0
What is the thousands digit of 10776148?
6
What is the ten thousands digit of 2680706594?
0
What is the units digit of 144190876?
6
What is the thousands digit of 5968186830?
6
What is the thousands digit of 113596836?
6
What is the hundred thousands digit of 72634681?
6
What is the hundred thousands digit of 481858174?
8
What is the ten millions digit of 323234679?
2
What is the ten thousands digit of 4991343700?
4
What is the units digit of 387868048?
8
What is the hundred millions digit of 718255935?
7
What is the millions digit of 67360814?
7
What is the millions digit of 51917548?
1
What is the units digit of 13214924?
4
What is the hundred thousands digit of 817896907?
8
What is the tens digit of 98915222?
2
What is the hundred thousands digit of 934673780?
6
What is the hundred thousands digit of 678411939?
4
What is the tens digit of 831822570?
7
What is the ten millions digit of 395134387?
9
What is the hundreds digit of 199182067?
0
What is the tens digit of 595833782?
8
What is the thousands digit of 871346506?
6
What is the hundred thousands digit of 644176217?
1
What is the units digit of 8294192917?
7
What is the hundreds digit of 261953977?
9
What is the hundred millions digit of 154041529?
1
What is the thousands digit of 5316020967?
0
What is the tens digit of 535527629?
2
What is the tens digit of 4408552909?
0
What is the millions digit of 197415641?
7
What is the thousands digit of 403621536?
1
What is the hundred millions digit of 1894921968?
8
What is the hundred thousands digit of 73991657?
9
What is the millions digit of 324878792?
4
What is the ten thousands digit of 103178417?
7
What is the tens digit of 394963672?
7
What is the hundred thousands digit of 578760623?
7
What is the tens digit of 469363948?
4
What is the hundred millions digit of 395641340?
3
What is the millions digit of 218713049?
8
What is the units digit of 409928239?
9
What is the tens digit of 490985272?
7
What is the hundred millions digit of 486594331?
4
What is the thousands digit of 1792839073?
9
What is the hundred millions digit of 219192319?
2
What is the units digit of 245918530?
0
What is the hundred thousands digit of 113405744?
4
What is the thousands digit of 6370609?
0
What is the hundred millions digit of 221916676?
2
What is the ten millions digit of 1029876438?
2
What is the tens digit of 5520730976?
7
What is the hundreds digit of 1996144720?
7
What is the ten thousands digit of 48800683?
0
What is the hundreds digit of 766692250?
2
What is the tens digit of 582809068?
6
What is the units digit of 104730383?
3
What is the ten thousands digit of 34439762?
3
What is the hundred thousands digit of 134230064?
2
What is the ten thousands digit of 297995360?
9
What is the units digit of 68748774?
4
What is the millions digit of 131013690?
1
What is the units digit of 7988174?
4
What is the millions digit of 487786136?
7
What is the millions digit of 64234463?
4
What is the hundreds digit of 5134897384?
3
What is the tens digit of 441055368?
6
What is the ten millions digit of 36397490?
3
What is the billions digit of 8808943311?
8
What is the tens digit of 496691381?
8
What is the ten thousands digit of 783392728?
9
What is the millions digit of 2750329210?
0
What is the ten thousands digit of 7143522305?
2
What is the hundred millions digit of 6039816430?
0
What is the thousands digit of 51052519?
2
What is the millions digit of 1503263292?
3
What is the hundred millions digit of 4288191655?
2
What is the tens digit of 709313259?
5
What is the ten thousands digit of 1113455375?
5
What is the millions digit of 207049226?
7
What is the ten thousands digit of 49191588?
9
What is the ten thousands digit of 28006805?
0
What is the tens digit of 235326767?
6
What is the hundreds digit of 850662926?
9
What is the billions digit of 3448112974?
3
What is the ten millions digit of 1613745389?
1
What is the ten thousands digit of 52504091?
0
What is the ten thousands digit of 109256534?
5
What is the millions digit of 921632282?
1
What is the units digit of 225806095?
5
What is the thousands digit of 12666147?
6
What is the millions digit of 505224028?
5
What is the units digit of 1430354661?
1
What is the hundreds digit of 2449746295?
2
What is the billions digit of 1493518422?
1
What is the hundreds digit of 30881604?
6
What is the ten thousands digit of 175856672?
5
What is the ten thousands digit of 220671020?
7
What is the millions digit of 508992193?
8
What is the hundreds digit of 67728712?
7
What is the units digit of 45264579?
9
What is the units digit of 2555202550?
0
What is the hundreds digit of 820778161?
1
What is the hundred millions digit of 646421560?
6
What is the thousands digit of 489413454?
3
What is the tens digit of 118779894?
9
What is the thousands digit of 43857464?
7
What is the hundreds digit of 59848785?
7
What is the hundreds digit of 9339422?
4
What is the millions digit of 1603583151?
3
What is the ten thousands digit of 360597820?
9
What is the hundred millions digit of 359073643?
3
What is the ten millions digit of 5065136261?
6
What is the thousands digit of 149971480?
1
What is the hundred millions digit of 370013322?
3
What is the tens digit of 84982177?
7
What is the hundred thousands digit of 3173766642?
7
What is the hundreds digit of 819895982?
9
What is the ten millions digit of 820528375?
2
What is the millions digit of 83947096?
3
What is the millions digit of 1200389336?
0
What is the hundred millions digit of 235688749?
2
What is the hundred thousands digit of 324523524?
5
What is the thousands digit of 7146493?
6
What is the hundred millions digit of 106037886?
1
What is the hundred thousands digit of 31611909?
6
What is the ten thousands digit of 538179292?
7
What is the ten millions digit of 11332692?
1
What is the ten thousands digit of 1893570617?
7
What is the hundred thousands digit of 298140630?
1
What is the hundred thousands digit of 98491140?
4
What is the ten millions digit of 160503103?
6
What is the tens digit of 1726285692?
9
What is the ten millions digit of 3789626704?
8
What is the hundred millions digit of 264396125?
2
What is the tens digit of 156371039?
3
What is the ten thousands digit of 3174834473?
3
What is the millions digit of 577704649?
7
What is the hundred thousands digit of 13618075?
6
What is the tens digit of 70343944?
4
What is the ten millions digit of 2762370073?
6
What is the tens digit of 8591387?
8
What is the hundred thousands digit of 614371646?
3
What is the thousands digit of 716128732?
8
What is the tens digit of 18866686?
8
What is the millions digit of 148133161?
8
What is the hundred millions digit of 1054165369?
0
What is the ten thousands digit of 29167090?
6
What is the millions digit of 1692311005?
2
What is the thousands digit of 212153515?
3
What is the hundred millions digit of 452761734?
4
What is the tens digit of 25881431?
3
What is the ten thousands digit of 466439439?
3
What is the millions digit of 54116521?
4
What is the tens digit of 121770324?
2
What is the hundreds digit of 78749400?
4
What is the hundred millions digit of 223279371?
2
What is the thousands digit of 576259475?
9
What is the millions digit of 381132394?
1
What is the units digit of 1483059863?
3
What is the millions digit of 123734722?
3
What is the millions digit of 34871046?
4
What is the millions digit of 711794025?
1
What is the hundreds digit of 1617877258?
2
What is the thousands digit of 190661679?
1
What is the ten thousands digit of 1400045470?
4
What is the ten millions digit of 2339702338?
3
What is the millions digit of 7904810?
7
What is the hundred thousands dig